3*g + 3 = 0. Calculate the remainder when (w - 31)*5/(-4) is divided by 18.
17
Suppose 6 + 3 = 3*o. What is the remainder when (1 + 1 - 2) + 8 is divided by o?
2
Let d = -44 + 66. What is the remainder when d is divided by 8?
6
Let t = -5 + 2. What is the remainder when 13 is divided by 8/(-10)*15/t?
1
Let d = 220 - 150. Let n be (-1 - 116)*4/(-6). Let p = -54 + n. What is the remainder when d is divided by p?
22
Let y(m) = -27*m - 2. Calculate the remainder when y(-1) is divided by 9.
7
Let g = -1 + 2. What is the remainder when ((-2)/3)/(g/(-24)) is divided by 2 + 16/2 - 1?
7
Let l(k) = -k - 5. Calculate the remainder when 5 is divided by l(-7).
1
Suppose 40 = 5*u - 170. What is the remainder when u is divided by 15?
12
Let p = 154 + -145. Suppose -2*q = 3*q - 20, -26 = -m - 5*q. What is the remainder when p is divided by m?
3
Let b = 14 + -1. Suppose 3*u + 3*n - 117 = 0, -5*u + 26 = 3*n - 165. Calculate the remainder when u is divided by b.
11
Suppose -h + 11 + 8 = 0. Calculate the remainder when 37 is divided by h.
18
Let b = 5 + -3. Suppose 5*s - 2*s - 5*x = -11, 5*s = -4*x + 31. Calculate the remainder when s is divided by b.
1
Let w = 78 + -18. Suppose 5*k - 3 = 3*q + 67, -5*k + q = -w. Let o(f) = f**3 - 5*f**2 + 6*f + 1. What is the remainder when o(5) is divided by k?
9
Suppose 133*p - 129*p - 104 = 0. Calculate the remainder when 75 is divided by p.
23
Let n(z) = 17*z**2 - 2*z + 1. Let x be n(1). Let d = -3 + x. Calculate the remainder when 24 is divided by d.
11
Let q = -34 + 70. Let v be (0 - 5)*68/(-5). Suppose -2*k + 32 = 2*n + k, 0 = -4*n - 4*k + v. Calculate the remainder when q is divided by n.
17
Let y(k) = -12*k + 33. Let p(u) = -3*u + 8. Let j(c) = -9*p(c) + 2*y(c). Let w be j(4). Suppose -45 = b - w*b. What is the remainder when 17 is divided by b?
8
Suppose 0 = -3*j + j + 6. Suppose j*n - 2*i = 14 + 9, -4*n + 3*i + 32 = 0. Suppose 8 = n*y - 77. What is the remainder when 32 is divided by y?
15
Calculate the remainder when 48 is divided by -1 - 1*33/(-3).
8
Suppose m = -j - 0*j + 1, -5*m + 5 = -2*j. Suppose -5*c - 7 + 84 = -4*x, j = -2*x - 6. What is the remainder when c is divided by 7?
6
Let v(b) = -b - 3. Let s be v(-5). Let u(x) = 5 - x**2 - 5*x - 2*x + s. What is the remainder when 12 is divided by u(-7)?
5
Suppose 0 = -3*b + 3 + 15. Calculate the remainder when 32 is divided by b.
2
Suppose y = -0*y + 5. Suppose 0 = y*d - 0*d - 190. Calculate the remainder when d is divided by 20.
18
Let c(v) = 2*v + 10. What is the remainder when c(9) is divided by 9?
1
Let x = -3 + 6. Suppose -2*h = -y - 32, -2*h - x*y = -6*h + 62. What is the remainder when 32 is divided by h?
15
Suppose 5*y = -4*o - 11, -3*y + 5*o + 0*o = -23. Let f = y + -3. What is the remainder when 21 is divided by -2 - 1*26/f?
10
Suppose 0 = 4*g - 0*g - 4*u - 288, 0 = -g - 3*u + 60. What is the remainder when g is divided by 14?
13
Let c(d) = d**3 - 6*d**2 + 8*d - 4. Suppose -3*m - 3 = -18. Let q be c(m). Let v = q + -2. What is the remainder when 26 is divided by v?
8
Let g = 5 + -2. Suppose 0 = 2*t + d + 2, 0 = -t - g*t + d + 8. Calculate the remainder when 36 is divided by (-68)/(-4) + (t - -1).
17
Suppose 6*b = 9 + 99. What is the remainder when 53 is divided by b?
17
Let k = -12 + 32. Suppose k = -4*x + s + 49, 4*x = -4*s + 4. Suppose 2*o - x = -o. Calculate the remainder when 2 is divided by o.
0
Let s(a) = -a**2 + 5*a + 3. What is the remainder when s(3) is divided by 2?
1
Let w = 57 + -33. Calculate the remainder when 69 is divided by w.
21
Let l(a) = -2*a - 1. Let g be l(-2). Let i = 25 - 12. Suppose 0 = -q + i + g. Calculate the remainder when q is divided by 6.
4
Let m(y) = -16*y - 2. What is the remainder when m(-4) is divided by 16?
14
Let n = -1 + 7. Calculate the remainder when 1/4 - (-39)/4 is divided by n.
4
Let g(u) = -u**3 - 4*u**2 - 3. What is the remainder when 85 is divided by g(-5)?
19
Let w(p) = -p**3 + 3*p**2 + p - 3. Let q be w(3). Suppose q*i + 12 = i. Calculate the remainder when 34 is divided by i.
10
Let q(d) = d**2 + 5*d + 2. Let k be q(-4). Let a = k - -6. Let i(m) = m**3 - 2*m**2 + 2*m - 2. Calculate the remainder when a is divided by i(2).
0
Let g = 77 + -51. Calculate the remainder when g is divided by 10.
6
Let o be (-158)/(-4) - (-6)/(-4). Suppose 7*c - 165 = 4*c. Let h = c - o. What is the remainder when 65 is divided by h?
14
Suppose -67 - 67 = -2*q. Calculate the remainder when q is divided by 14.
11
Suppose -4*l - 18 = -2*x + 14, -x = 2*l + 4. Let i(q) = q**3 - 5*q**2 + q - 1. What is the remainder when (-106)/(-8) + x/8 is divided by i(5)?
2
Suppose 2*l - 4*l - 4*d = 4, -4*l - 4*d = 16. Let v = 21 + l. Let q = v + 4. What is the remainder when q is divided by 10?
9
Suppose 0 = c + c + 6. Let r be -1 - ((c - 3) + 3). Calculate the remainder when 20 is divided by (-6 - -5)/(r/(-14)).
6
Suppose 9*t + 6*t = 285. Suppose -3*c + 275 = 2*c. What is the remainder when c is divided by t?
17
Let l(x) = 3*x**2 - 2*x - 1. Let g be l(-1). Let p = g + -1. Suppose p*u = -u + 136. What is the remainder when u is divided by 12?
10
Let d(f) be the second derivative of -1/6*f**3 - 3*f + 0 + 0*f**4 - 7/10*f**5 - 1/2*f**2. What is the remainder when 27 is divided by d(-1)?
13
Let g(q) = -q**3 - 2*q**2 + q + 3. Calculate the remainder when 26 - (2*-1 + 2) is divided by g(-3).
8
Let f = 401 - 192. What is the remainder when f is divided by 42?
41
Suppose 3*z + 123 + 150 = 0. Let l = -49 - z. What is the remainder when l is divided by 22?
20
Suppose -5*h + 3*v = -h - 126, 2*v + 94 = 3*h. Calculate the remainder when h is divided by 8.
6
Let r be 2*2 + -6 + 5. Suppose -5*b + r*b + 32 = 0. Calculate the remainder when b is divided by 10.
6
Let z(j) = 2*j**2 + 8*j - 6. Calculate the remainder when 66 is divided by z(-7).
30
Suppose 0 = 6*h - h - 320. What is the remainder when h is divided by 17?
13
Let f(n) = -n**2 + n + 26. Suppose 4*t = 3*t - 2*p + 9, 4*p = 0. What is the remainder when f(0) is divided by t?
8
Let l be ((-16)/5)/((-2)/10). Suppose -4*n + l = 0, 2*d - 4*n + 13 = 65. Suppose -r - 3*k + 12 = r, -12 = 3*k. What is the remainder when d is divided by r?
10
Let i(a) = 5*a + 1. Let l = 50 - 27. Suppose c + 3*b = -5, -3*c + 4*b + l = -1. What is the remainder when i(2) is divided by c?
3
Suppose 144 = 2*g - q, 4*g = -5*q + 169 + 133. Suppose 5*s + 0*c - 89 = 4*c, -4*s + g = -5*c. Let y = 19 - -14. What is the remainder when y is divided by s?
16
Let n = 344 - 241. Calculate the remainder when n is divided by 8.
7
Calculate the remainder when 25 is divided by 4/(-16) + 114/8.
11
Let u be (-3 - -1)/2 - -9. Let q = 4 + -1. Let v = q + u. Calculate the remainder when v is divided by 6.
5
Suppose 0 = r - 2 - 4. Let i = 92 - 58. Let j = i + -13. Calculate the remainder when j is divided by r.
3
Suppose s + 2*y = -13 - 17, -5*y = -3*s - 79. Let z = 51 + s. Suppose 4*h = z + 25. What is the remainder when 22 is divided by h?
10
Suppose -3*k + 9 = 0, -3*u = 2*u + 4*k - 27. What is the remainder when 9 is divided by u?
0
Let l(p) = p**2 + 3*p - 7. Let w be l(-5). Suppose -5 - 13 = -w*h + 3*n, h + 3*n = 26. What is the remainder when 31 is divided by h?
9
Suppose 4*g + 5*b - 10 = 93, -91 = -4*g - b. What is the remainder when g is divided by 6?
4
Let a(o) = 7*o**3 - 8*o - 7 - 6*o**3 + 3 - 4*o**2. What is the remainder when a(6) is divided by 7?
6
Suppose -j = 2*u - 3, -2*u - 4*j + 2 = u. Calculate the remainder when 7 is divided by u.
1
Let a(g) = -g**2 + 5*g + 4. Let x be a(6). What is the remainder when 46 is divided by -1 - -2 - (-13 - x)?
10
What is the remainder when 528/14 + (32/14 - 2) is divided by 5?
3
Let n(z) be the third derivative of -z**5/60 + z**4/2 + z**3/3 + 2*z**2. Let q be n(12). Let h(s) = 7*s. Calculate the remainder when 54 is divided by h(q).
12
Suppose 9*q + 5*z - 340 = 4*q, -z = -4. What is the remainder when q is divided by 17?
13
Let k = 99 - 59. Suppose 0 = -2*i + 3*z + 40, 2*i = -0*z + z + 32. What is the remainder when k is divided by i?
12
Suppose 0 = q + 4*q - 145. Calculate the remainder when q is divided by 6 + (-2 - -2 - -4).
9
Suppose -5*z = v - 5, 3*z - 2*v + v + 5 = 0. Let w be z + (60 - (-2)/(-1)). Suppose -2 - w = -3*l. Calculate the remainder when l is divided by 11.
9
Let q(v) = 16*v + 1. Let m = 